n = -3, -2*g + 4*g = 5*n + 9. Suppose -660*z + 21494 + 45826 = 0. What is the remainder when z is divided by g?
4
Let i(p) = p**3 + 6*p**2 + 7*p + 2. Let c be i(-4). Suppose -2777 = c*n - 473. What is the remainder when n/(-27) + -4*(-4)/(-72) is divided by 9?
5
Suppose 0 = -5*m + 6*m - 1. Let r be ((-4)/(24/(-15)))/(m/2). Suppose -i - r*w - 3 = -1, 0 = i - 3*w - 6. What is the remainder when 9 is divided by i?
0
Let v(c) = -2*c**2 + 21*c + 15. Suppose 0 = 2*p - 6, 0 = 4*r - 4*p - 248 - 0. Calculate the remainder when r is divided by v(11).
1
Let u(i) = -i**2 + 8*i + 21. Let p be u(10). Let b(h) = -3*h**3. Let w be b(p). Calculate the remainder when 94 is divided by w + (2 - 5 - -30).
22
Suppose -3*x - 3*v + 788 = 5303, 2*x + 2975 = 5*v. What is the remainder when x/(-7) - (-36)/(-126) is divided by 54?
52
Let y(k) = 10*k + 15. Suppose 14 = -4*s - 54. Let n be y(s). Let o = n - -221. Calculate the remainder when o is divided by 15.
6
Let v(t) = 6*t**2 + t + 2. Let c = -4 + -48. Let w = c + 106. Calculate the remainder when w is divided by v(2).
26
Suppose 0 = 18*m - 13*m + 850. Let q = -104 - m. What is the remainder when 130 is divided by q?
64
Let m(d) = -1 + 0*d + 5*d**2 + 3*d - 5*d + 4*d**2. Let y(f) = f**2 - 6*f - 25. Let i be y(9). Calculate the remainder when m(i) is divided by 17.
14
Let u(b) = -b**2 + 4*b - 19. Let s be u(20). Suppose d = -353 + 127. Let t = d - s. What is the remainder when t is divided by 19?
18
Suppose -5*q + 450 = q + 3*q. What is the remainder when 918 is divided by q?
18
Suppose -224580 + 225192 = v. Calculate the remainder when v is divided by 5.
2
Let m(l) = 888*l**2 - 2*l + 1. What is the remainder when m(1) is divided by 55?
7
Let f(y) = 0*y + 6*y - 7*y + 31 - y. Suppose -5*z + 13 - 18 = 0, -4*p + 3*z + 51 = 0. What is the remainder when 26 is divided by f(p)?
5
What is the remainder when 163 is divided by 6/(-51) - 1540/(-85)?
1
Calculate the remainder when (-1575)/(-275) + 3/11 + 664 is divided by 221.
7
Let u(d) = 55*d + 80. Let t be u(-12). Let p = 678 + t. Calculate the remainder when p is divided by 31.
5
Let y = 7968 + -6590. What is the remainder when y is divided by 339?
22
Let x = 491 - 363. Calculate the remainder when 336 is divided by x.
80
Suppose -292 = -8*q + 4*q. Suppose -3*u + 4*u = -4*a + 86, -3*a - 5*u + q = 0. What is the remainder when 43 is divided by a?
1
Let j = -31 + 34. Suppose -5*y = -2*q + 1 + 141, j*y = q - 70. Suppose 361 - q = 5*u. Calculate the remainder when u is divided by 20.
17
Suppose 1 - 5 = -4*w. Calculate the remainder when 110 is divided by (0 - w)*140/(-5).
26
Let u(a) = 8*a - 51. Suppose 4*l + 4*g - 20 - 16 = 0, -5*l + 65 = g. What is the remainder when u(l) is divided by 32?
29
Let b = -7337 - -7341. Calculate the remainder when 46 is divided by b.
2
Suppose -3*i = -4*o + 423, -4*i = o - 60 - 79. What is the remainder when 351 is divided by o?
18
Let v(f) = 26*f + 4. Suppose 44*s + 19*s + 0*s - 882 = 0. What is the remainder when v(5) is divided by s?
8
Let w be 5 - 2 - (1 + -2). Let j be 990/35 + 4/(-14). Suppose w*f = -3*t + 133, -f + 4*t = 3*t - j. Calculate the remainder when 154 is divided by f.
30
Let x(z) = 2*z**2 - 32*z - 43. Let u be x(18). Suppose u*p - 616 = -210. What is the remainder when 66 is divided by p?
10
Let f(i) = 13*i + 141. Calculate the remainder when 183 is divided by f(-3).
81
Suppose 0 = 2*r + 3 + 3. Calculate the remainder when 299/4 - (4 - 2)/(-8) is divided by (-20)/(r - -2 - 0).
15
Calculate the remainder when 56 is divided by (-18)/2484*-12 + (-504)/(-23).
12
Suppose -w - 5*x = -119, 384 = 4*w - 8*x + 5*x. What is the remainder when (-18)/w + 6408/33 is divided by 39?
38
Let y(w) = -w - 11. Let u be y(10). Suppose -3*o + 8 + 1 = 0. Let r = o - u. What is the remainder when r is divided by 15?
9
Suppose y - 5*n - 7 = 7, 26 = 5*y - 3*n. Suppose -g + y*g = 24. Suppose -3*r + 8*r = 25, 5*m + 3*r - 125 = 0. What is the remainder when m is divided by g?
6
Suppose 0 = 3*q + 29 + 106. Let r = 40 + q. What is the remainder when 16 is divided by 1/((-15)/r) - 32/(-3)?
5
Suppose 4*f + 80 = p, 8*f - 3*f - 147 = -2*p. Let g = p + -56. What is the remainder when 159 is divided by g?
19
Let o(r) = -30*r**2 + 16*r**2 + 6*r + 10*r**2 + 13 + 14*r**2. What is the remainder when o(-3) is divided by 18?
13
Suppose -2*x = 4, 3*u - 4*x - 4 = -u. Let m be ((-6)/10)/(u/55). Suppose 29*d = m*d - 124. Calculate the remainder when 57 is divided by d.
26
Suppose 10*c = 5*c + 3*i + 111, 2*i + 104 = 5*c. What is the remainder when 962 is divided by c?
8
Let b = 353 - 345. Suppose 41 + 7 = b*d. Calculate the remainder when 1/(-2) + 126/12 is divided by d.
4
Suppose 0 = -66*m + 19638 + 30126. What is the remainder when m is divided by 51?
40
Let x = -442 + 854. Let t = -401 + x. What is the remainder when 615 is divided by t?
10
Let g = -12 + 54. Suppose -h = 3*m - 5*m + 30, 3*m - 3*h = g. Let o(k) = 2*k**2 + k - 3. What is the remainder when o(-6) is divided by m?
15
Suppose -3*j - b + 28 = 0, 0*b - 4*b - 24 = -5*j. What is the remainder when 8 + 8 + (0 - -1) + -4 is divided by j?
5
Suppose 2693 = 114*b - 2177 - 3794. Calculate the remainder when b is divided by 29.
18
Suppose 25*b + 520 = 2145. Suppose 70 = 5*a - 0. What is the remainder when b is divided by a?
9
What is the remainder when 697 is divided by (-4)/(-34) - (-44761)/289 - 11?
121
Let l(j) = j**2 - 17*j - 72. Let n be l(22). Suppose 2*h = i - 16, i - 4*i - 4*h + n = 0. What is the remainder when 14 is divided by i?
0
What is the remainder when 201 is divided by 8/(-80)*12*(3 - 10 - 3)?
9
Let o(w) = -38 - 14*w**2 - 16*w + 10*w + 272 + 13*w**2 - 17*w. Calculate the remainder when 111 is divided by o(7).
15
Suppose -311 - 274 = -24*f + 279. What is the remainder when 163 is divided by f?
19
Suppose 75*o - 4903 - 5792 = -40*o. Calculate the remainder when 452 is divided by o.
80
Let t = 1259 - 865. Let a(d) = 17*d - 161. What is the remainder when t is divided by a(10)?
7
Let y = 65 - 53. Let a(s) = -18*s + 242. What is the remainder when a(y) is divided by 12?
2
Let n be 2/(-5) + 141*(-144)/(-10). Suppose 111*d - n = 101*d. What is the remainder when d is divided by 17?
16
Let r(h) = 4*h + 60. Let y be r(16). Let w = -114 + y. What is the remainder when 148 is divided by w?
8
Suppose -351*r - 800 = -356*r. What is the remainder when 167 is divided by r?
7
Suppose -91*p - 27885 = -26*p. Let u = p - -483. What is the remainder when u is divided by 30?
24
Suppose -3705 = -5*m + 5*u, -28*m + 13*m + 3*u = -11139. Calculate the remainder when m is divided by 122.
11
Let b(u) = 5*u - 6. What is the remainder when b(9) is divided by 90/675 - ((-536)/30 - -3)?
9
Let n = -85 - -35. Let m = n - -52. Suppose -h + 3*h = -m*o + 132, 8 = -4*o. What is the remainder when h is divided by 18?
14
Let i(z) = -3*z + 17. Let j be i(0). Suppose -j*b = -14*b + p - 382, -412 = -3*b + 5*p. What is the remainder when b is divided by 66?
63
Let l(x) = 3*x - 61. Let h be l(26). Let s = 19 - h. Suppose -3*q - u = -61, s*q - 23 = q - u. What is the remainder when 70 is divided by q?
13
Suppose d + 4*d - 135 = 0. Let q(u) = -7*u + 21. Let n be q(3). Suppose n*k - k + 15 = 0. What is the remainder when d is divided by k?
12
Let s = 50 - -61. Suppose 25 + s = 2*b. Suppose 2*n - 72 = -n. What is the remainder when b is divided by n?
20
Let g(r) = -2*r - 4. Let k be 14*((-4)/(-4))/(-2). Let x(c) = -11*c + 6. What is the remainder when x(-3) is divided by g(k)?
9
Let b(g) = 2*g + 18*g**2 + 33 - 31 - 1. What is the remainder when b(2) is divided by 9?
5
Let z(y) = 12*y**2. Suppose 5*l + 2361 = 4*u + 711, -l = -2*u + 822. Let t = u + -184. Calculate the remainder when t is divided by z(-1).
10
Let r = 546 - 223. Let z = 3789 + -3777. Calculate the remainder when r is divided by z.
11
Let k(z) = -z**3 + 9*z - 15*z**2 - 9 - 40*z - 17. What is the remainder when k(-13) is divided by 20?
19
Let s be 3/(-9)*(12 + -12). Suppose s = -3*q - 5*j + 77, -5*q + 111 = -3*j + 7*j. What is the remainder when 105 is divided by q?
10
Let u = 26416 + -26347. What is the remainder when 2412 is divided by u?
66
Suppose 492*l - 494*l + 3*u + 25 = 0, 77 = 4*l + 3*u. Calculate the remainder when 2632 is divided by l.
14
Let p(l) = -2*l**2 + 307*l - 855. Calcul